 remainder when 266091 is divided by 15652.
7
Calculate the remainder when 23583 is divided by 27.
12
What is the remainder when 352 is divided by 85?
12
What is the remainder when 35347 is divided by 17670?
7
Calculate the remainder when 34034 is divided by 4861.
7
Calculate the remainder when 943 is divided by 37.
18
Calculate the remainder when 46653 is divided by 86.
41
Calculate the remainder when 1175853 is divided by 24.
21
What is the remainder when 49958 is divided by 8?
6
What is the remainder when 13254 is divided by 1302?
234
What is the remainder when 4512 is divided by 120?
72
Calculate the remainder when 4911 is divided by 142.
83
Calculate the remainder when 40737 is divided by 1018.
17
What is the remainder when 428364 is divided by 142785?
9
Calculate the remainder when 11783539 is divided by 957.
955
Calculate the remainder when 146067 is divided by 49.
47
Calculate the remainder when 3425158 is divided by 255.
253
Calculate the remainder when 7616 is divided by 577.
115
Calculate the remainder when 58213 is divided by 19376.
85
What is the remainder when 5205 is divided by 260?
5
Calculate the remainder when 43111 is divided by 46.
9
Calculate the remainder when 72107 is divided by 43.
39
What is the remainder when 10322 is divided by 1145?
17
What is the remainder when 761103 is divided by 181?
179
Calculate the remainder when 1755 is divided by 1594.
161
What is the remainder when 55314 is divided by 481?
480
What is the remainder when 2964567 is divided by 42?
39
What is the remainder when 9294 is divided by 1033?
1030
Calculate the remainder when 6066 is divided by 1518.
1512
Calculate the remainder when 2165 is divided by 303.
44
Calculate the remainder when 60793 is divided by 35.
33
What is the remainder when 12834 is divided by 12828?
6
Calculate the remainder when 1673 is divided by 201.
65
Calculate the remainder when 18314 is divided by 12.
2
Calculate the remainder when 32948 is divided by 52.
32
Calculate the remainder when 20419 is divided by 184.
179
What is the remainder when 10358 is divided by 495?
458
Calculate the remainder when 5772 is divided by 1418.
100
What is the remainder when 70922 is divided by 37?
30
Calculate the remainder when 2252310 is divided by 1071.
1068
What is the remainder when 134723 is divided by 6?
5
Calculate the remainder when 11677 is divided by 21.
1
What is the remainder when 183987 is divided by 91986?
15
What is the remainder when 16446 is divided by 5482?
0
What is the remainder when 7014 is divided by 261?
228
What is the remainder when 590 is divided by 18?
14
What is the remainder when 117192 is divided by 39058?
18
What is the remainder when 20144 is divided by 1825?
69
Calculate the remainder when 3355 is divided by 1115.
10
Calculate the remainder when 3159 is divided by 276.
123
Calculate the remainder when 2844 is divided by 509.
299
Calculate the remainder when 650 is divided by 184.
98
What is the remainder when 107545 is divided by 322?
319
What is the remainder when 586 is divided by 24?
10
Calculate the remainder when 3566 is divided by 66.
2
What is the remainder when 1019535 is divided by 16?
15
Calculate the remainder when 4279 is divided by 2138.
3
What is the remainder when 39317 is divided by 2454?
53
Calculate the remainder when 8843 is divided by 1765.
18
Calculate the remainder when 18143 is divided by 67.
53
What is the remainder when 19098 is divided by 20?
18
Calculate the remainder when 59682 is divided by 19880.
42
Calculate the remainder when 3968 is divided by 3919.
49
What is the remainder when 55809 is divided by 28?
5
What is the remainder when 20219 is divided by 158?
153
Calculate the remainder when 392 is divided by 289.
103
Calculate the remainder when 1574699 is divided by 43.
39
Calculate the remainder when 242791 is divided by 74.
71
What is the remainder when 5001 is divided by 155?
41
What is the remainder when 260 is divided by 238?
22
Calculate the remainder when 21944 is divided by 15.
14
Calculate the remainder when 100134 is divided by 45.
9
What is the remainder when 133555 is divided by 346?
345
Calculate the remainder when 4746 is divided by 788.
18
Calculate the remainder when 650 is divided by 139.
94
Calculate the remainder when 140060 is divided by 345.
335
Calculate the remainder when 9681 is divided by 9627.
54
Calculate the remainder when 23063 is divided by 82.
21
Calculate the remainder when 6760 is divided by 1628.
248
Calculate the remainder when 109290 is divided by 109281.
9
Calculate the remainder when 2001 is divided by 665.
6
What is the remainder when 55659 is divided by 120?
99
What is the remainder when 2755 is divided by 253?
225
Calculate the remainder when 672412 is divided by 641.
3
What is the remainder when 54135 is divided by 558?
9
What is the remainder when 96144 is divided by 35?
34
Calculate the remainder when 30103 is divided by 1157.
21
What is the remainder when 105371 is divided by 118?
115
Calculate the remainder when 6142 is divided by 120.
22
Calculate the remainder when 6179 is divided by 5.
4
Calculate the remainder when 5558 is divided by 5488.
70
What is the remainder when 4706 is divided by 2311?
84
What is the remainder when 5299 is divided by 33?
19
What is the remainder when 45862 is divided by 39?
37
What is the remainder when 110731 is divided by 22140?
31
Calculate the remainder when 66301 is divided by 22096.
13
What is the remainder when 2181 is divided by 144?
21
Calculate the remainder when 368799 is divided by 9.
6
What is the remainder when 100800 is divided by 116?
112
Calculate the remainder when 4189045 is divided by 349.
347
What is the remainder when 11704 is divided by 342?
76
Calculate the remainder when 108747 is divided by 1412.
23
What is the remainder when 59361 is divided by 341?
27
Calculate the remainder when 783 is divided by 690.
93
Calculate the remainder when 24628 is divided by 385.
373
What is the remainder when 4147 is divided by 43?
19
Calculate the remainder when 7780 is divided by 338.
6
What is the remainder when 5168 is divided by 517?
515
Calculate the remainder when 795213 is divided by 446.
441
What is the remainder when 77393 is divided by 105?
8
What is the remainder when 71204 is divided by 440?
364
What is the remainder when 1067 is divided by 1040?
27
Calculate the remainder when 2110 is divided by 654.
148
Calculate the remainder when 15366 is divided by 641.
623
Calculate the remainder when 64129 is divided by 22.
21
Calculate the remainder when 2158 is divided by 157.
117
Calculate the remainder when 4792917 is divided by 165.
162
Calculate the remainder when 48569 is divided by 1109.
882
Calculate the remainder when 2232 is divided by 212.
112
Calculate the remainder when 228 is divided by 71.
15
What is the remainder when 83445 is divided by 121?
76
Calculate the remainder when 17347 is divided by 17336.
11
What is the remainder when 696517 is divided by 20?
17
What is the remainder when 2280 is divided by 453?
15
What is the remainder when 539 is divided by 487?
52
What is the remainder when 222189 is divided by 10?
9
What is the remainder when 2321 is divided by 593?
542
What is the remainder when 16933 is divided by 188?
13
What is the remainder when 40962 is divided by 10237?
14
What is the remainder when 542864 is divided by 15966?
20
What is the remainder when 37323 is divided by 635?
493
What is the remainder when 9262 is divided by 49?
1
Calculate the remainder when 1474 is divided by 182.
18
Calculate the remainder when 236745 is divided by 23.
6
What is the remainder when 7494 is divided by 133?
46
What is the remainder when 284103 is divided by 587?
582
What is the remainder when 280138 is divided by 210?
208
What is the remainder when 16885 is divided by 211?
5
Calculate the remainder when 20132 is divided by 20099.
33
Calculate the remainder when 113044 is divided by 2019.
1999
What is the remainder when 340 is divided by 35?
25
What is the remainder when 3743 is divided by 447?
167
Calculate the remainder when 284540 is divided by 25867.
3
Calculate the remainder when 4078 is divided by 584.
574
What is the remainder when 225 is divided by 84?
57
Calculate the remainder when 3796501 is divided by 11.
5
Calculate the